{"id":40,"date":"2024-10-16T19:43:27","date_gmt":"2024-10-16T19:43:27","guid":{"rendered":"https:\/\/www.ccm.ufpb.br\/bsccm2\/?page_id=40"},"modified":"2025-03-28T13:00:56","modified_gmt":"2025-03-28T16:00:56","slug":"como-acessar-as-bases-de-dados","status":"publish","type":"page","link":"https:\/\/www.ccm.ufpb.br\/bsccm\/como-acessar-as-bases-de-dados\/","title":{"rendered":"Como acessar as bases de dados"},"content":{"rendered":"\n<p><strong>ORIENTA\u00c7\u00d5ES PARA ACESSO \u00c0S BASES DE LIVROS DIGITAIS E NORMAS DA ABNT PELO SIGAA<\/strong><\/p>\n\n\n\n<p class=\" \">1) Fazer login no SIGAA &gt;<\/p>\n\n\n\n<p class=\" \">2) Em seguida abrir a aba BIBLIOTECA &gt;<\/p>\n\n\n\n<p class=\" \">3) Por fim PESQUISAR LIVROS E BASES DIGITAIS &gt;<\/p>\n\n\n\n<p class=\" \">4) Selecionar a base que deseja pesquisar<\/p>\n\n\n\n<p class=\" \">Minha Biblioteca <\/p>\n\n\n\n<p class=\" \">DotLIB &#8211; Atheneu <\/p>\n\n\n\n<p class=\" \">Target &#8211; Normas T\u00e9cnicas<\/p>\n\n\n\n<p class=\" \">Biblioteca Virtual Pearson <\/p>\n\n\n\n<p class=\" \">&nbsp;<\/p>\n\n\n\n<p><strong>ORIENTA\u00c7\u00c3O PARA ACESSO AO PORTAL DE PERI\u00d3DICOS DA CAPES<\/strong><\/p>\n\n\n\n<p class=\" \">1) Acesse:&nbsp;<a href=\"https:\/\/www.periodicos.capes.gov.br\/\">https:\/\/www.periodicos.capes.gov.br\/<\/a><\/p>\n\n\n\n<p class=\" \">2) Clique em acesso CAFE, na parte superior da p\u00e1gina, escolha UFPB, digite o login do SIGAA para ter acesso ao conte\u00fado do portal na \u00edntegra.<\/p>\n\n\n\n<p class=\" \">3) Se preferir, fa\u00e7a tamb\u00e9m seu cadastro no MEU ESPA\u00c7O para salvar suas pesquisas e ter acesso aos treinamentos que s\u00e3o oferecidos.<\/p>\n\n\n\n<p class=\" \">D\u00favidas? Mande um e-mail para a biblioteca (biblioteca@ccm.ufpb.br)<\/p>\n\n\n\n<p class=\" \"><\/p>\n\n\n\n<p class=\" \"><\/p>\n","protected":false},"excerpt":{"rendered":"<p>ORIENTA\u00c7\u00d5ES PARA ACESSO \u00c0S BASES DE LIVROS DIGITAIS E NORMAS DA ABNT PELO SIGAA 1) Fazer login no SIGAA &gt; 2) Em seguida abrir a aba BIBLIOTECA &gt; 3) Por fim PESQUISAR LIVROS E BASES DIGITAIS &gt; 4) Selecionar a base que deseja pesquisar Minha Biblioteca DotLIB &#8211; Atheneu Target &#8211; Normas T\u00e9cnicas Biblioteca Virtual [&hellip;]<\/p>\n","protected":false},"author":47,"featured_media":0,"parent":0,"menu_order":0,"comment_status":"closed","ping_status":"closed","template":"","meta":{"footnotes":""},"class_list":["post-40","page","type-page","status-publish","hentry"],"_links":{"self":[{"href":"https:\/\/www.ccm.ufpb.br\/bsccm\/wp-json\/wp\/v2\/pages\/40","targetHints":{"allow":["GET"]}}],"collection":[{"href":"https:\/\/www.ccm.ufpb.br\/bsccm\/wp-json\/wp\/v2\/pages"}],"about":[{"href":"https:\/\/www.ccm.ufpb.br\/bsccm\/wp-json\/wp\/v2\/types\/page"}],"author":[{"embeddable":true,"href":"https:\/\/www.ccm.ufpb.br\/bsccm\/wp-json\/wp\/v2\/users\/47"}],"replies":[{"embeddable":true,"href":"https:\/\/www.ccm.ufpb.br\/bsccm\/wp-json\/wp\/v2\/comments?post=40"}],"version-history":[{"count":3,"href":"https:\/\/www.ccm.ufpb.br\/bsccm\/wp-json\/wp\/v2\/pages\/40\/revisions"}],"predecessor-version":[{"id":204,"href":"https:\/\/www.ccm.ufpb.br\/bsccm\/wp-json\/wp\/v2\/pages\/40\/revisions\/204"}],"wp:attachment":[{"href":"https:\/\/www.ccm.ufpb.br\/bsccm\/wp-json\/wp\/v2\/media?parent=40"}],"curies":[{"name":"wp","href":"https:\/\/api.w.org\/{rel}","templated":true}]}}