{"id":19,"date":"2024-10-16T19:37:17","date_gmt":"2024-10-16T19:37:17","guid":{"rendered":"https:\/\/www.ccm.ufpb.br\/bsccm2\/?page_id=19"},"modified":"2025-04-03T08:44:26","modified_gmt":"2025-04-03T11:44:26","slug":"tutorial-minha-biblioteca","status":"publish","type":"page","link":"https:\/\/www.ccm.ufpb.br\/bsccm\/tutorial-minha-biblioteca\/","title":{"rendered":"Tutorial &#8220;Minha Biblioteca&#8221;"},"content":{"rendered":"\n<h2 class=\"wp-block-heading\">BIBLIOTECA CCM-UFPB<\/h2>\n\n\n\n<p><strong>TUTORIAL SOBRE O ACESSO A BASE DE LIVROS DIGITAIS \u201cMINHA BIBLIOTECA\u201d<\/strong><\/p>\n\n\n\n<p><strong>1\u00ba Passo: efetuar login no SIGAA (&nbsp;<a href=\"https:\/\/sigaa.ufpb.br\/sigaa\/logon.jsf\"><em>https:\/\/sistemas.ufpb.br\/sigaa<\/em>&nbsp;<\/a>)<\/strong><\/p>\n\n\n\n<p><strong>Fig.1 Tela de login <\/strong>SIGAA<\/p>\n\n\n\n<figure class=\"wp-block-image size-full\"><img loading=\"lazy\" decoding=\"async\" width=\"697\" height=\"459\" src=\"https:\/\/www.ccm.ufpb.br\/bsccm2\/wp-content\/uploads\/sites\/214\/sites\/217\/2024\/10\/figura-1-tutorial.png\" alt=\"\" class=\"wp-image-20\" srcset=\"https:\/\/www.ccm.ufpb.br\/bsccm\/wp-content\/uploads\/sites\/214\/sites\/217\/2024\/10\/figura-1-tutorial.png 697w, https:\/\/www.ccm.ufpb.br\/bsccm\/wp-content\/uploads\/sites\/214\/sites\/217\/2024\/10\/figura-1-tutorial-300x198.png 300w\" sizes=\"auto, (max-width: 697px) 100vw, 697px\" \/><\/figure>\n\n\n\n<p>&nbsp;Fonte: SIGAA UFPB<\/p>\n\n\n\n<p><strong>2\u00ba Passo:<\/strong>&nbsp;<strong>Acessar a guia \u201cBiblioteca\u201d e logo ap\u00f3s clicar em \u201cPesquisar Livros Digitais\u201d onde aparecer\u00e1 a op\u00e7\u00e3o \u201cMinha Biblioteca\u201d.<\/strong><\/p>\n\n\n\n<p><strong>Fig.2 Tela da guia Biblioteca<\/strong><\/p>\n\n\n\n<figure class=\"wp-block-image size-full\"><img loading=\"lazy\" decoding=\"async\" width=\"673\" height=\"198\" src=\"https:\/\/www.ccm.ufpb.br\/bsccm2\/wp-content\/uploads\/sites\/214\/sites\/217\/2024\/10\/figura-2-tutorial-1.png\" alt=\"\" class=\"wp-image-21\" srcset=\"https:\/\/www.ccm.ufpb.br\/bsccm\/wp-content\/uploads\/sites\/214\/sites\/217\/2024\/10\/figura-2-tutorial-1.png 673w, https:\/\/www.ccm.ufpb.br\/bsccm\/wp-content\/uploads\/sites\/214\/sites\/217\/2024\/10\/figura-2-tutorial-1-300x88.png 300w\" sizes=\"auto, (max-width: 673px) 100vw, 673px\" \/><\/figure>\n\n\n\n<p>Fonte: SIGAA UFPB<\/p>\n\n\n\n<p><strong>3\u00ba Passo: Aparecer\u00e1 uma tela com o termo de licen\u00e7a de utiliza\u00e7\u00e3o da base, marque a op\u00e7\u00e3o \u201cConcordo com os termos de uso e com a pol\u00edtica de privacidade\u201d e clique em \u201cAceitar\u201d.<\/strong><\/p>\n\n\n\n<p class=\" \"><strong>Fig.3 Tela do termo de uso da base Minha Biblioteca<\/strong><\/p>\n\n\n\n<figure class=\"wp-block-image size-large\"><img loading=\"lazy\" decoding=\"async\" width=\"1024\" height=\"397\" src=\"https:\/\/www.ccm.ufpb.br\/bsccm2\/wp-content\/uploads\/sites\/214\/sites\/217\/2024\/10\/figura-3-tutorial-1-1024x397.png\" alt=\"\" class=\"wp-image-26\" srcset=\"https:\/\/www.ccm.ufpb.br\/bsccm\/wp-content\/uploads\/sites\/214\/sites\/217\/2024\/10\/figura-3-tutorial-1-1024x397.png 1024w, https:\/\/www.ccm.ufpb.br\/bsccm\/wp-content\/uploads\/sites\/214\/sites\/217\/2024\/10\/figura-3-tutorial-1-300x116.png 300w, https:\/\/www.ccm.ufpb.br\/bsccm\/wp-content\/uploads\/sites\/214\/sites\/217\/2024\/10\/figura-3-tutorial-1-768x298.png 768w, https:\/\/www.ccm.ufpb.br\/bsccm\/wp-content\/uploads\/sites\/214\/sites\/217\/2024\/10\/figura-3-tutorial-1.png 1201w\" sizes=\"auto, (max-width: 1024px) 100vw, 1024px\" \/><\/figure>\n\n\n\n<p class=\" \">Fonte: SIGAA UFPB<\/p>\n\n\n\n<p class=\" \">&nbsp;<strong>4\u00ba Passo: Pesquisar por T\u00edtulo do livro, Nome de autor ou Assunto. Ap\u00f3s encontrar o item desejado \u00e9 poss\u00edvel navegar por todo o seu conte\u00fado de forma gratuita.<\/strong><\/p>\n\n\n\n<p class=\" \">&nbsp;<strong>Fig.4 Tela de pesquisa na base \u201cMinha Biblioteca\u201d<\/strong><\/p>\n\n\n\n<figure class=\"wp-block-image size-large\"><img loading=\"lazy\" decoding=\"async\" width=\"1024\" height=\"547\" src=\"https:\/\/www.ccm.ufpb.br\/bsccm2\/wp-content\/uploads\/sites\/214\/sites\/217\/2024\/10\/figura-4-tutorial-1-1024x547.png\" alt=\"\" class=\"wp-image-24\" srcset=\"https:\/\/www.ccm.ufpb.br\/bsccm\/wp-content\/uploads\/sites\/214\/sites\/217\/2024\/10\/figura-4-tutorial-1-1024x547.png 1024w, https:\/\/www.ccm.ufpb.br\/bsccm\/wp-content\/uploads\/sites\/214\/sites\/217\/2024\/10\/figura-4-tutorial-1-300x160.png 300w, https:\/\/www.ccm.ufpb.br\/bsccm\/wp-content\/uploads\/sites\/214\/sites\/217\/2024\/10\/figura-4-tutorial-1-768x410.png 768w, https:\/\/www.ccm.ufpb.br\/bsccm\/wp-content\/uploads\/sites\/214\/sites\/217\/2024\/10\/figura-4-tutorial-1.png 1083w\" sizes=\"auto, (max-width: 1024px) 100vw, 1024px\" \/><\/figure>\n\n\n\n<p class=\" \">Fonte: SIGAA UFPB<\/p>\n\n\n\n<p><\/p>\n\n\n\n<figure class=\"wp-block-gallery has-nested-images columns-default is-cropped wp-block-gallery-1 is-layout-flex wp-block-gallery-is-layout-flex\"><\/figure>\n","protected":false},"excerpt":{"rendered":"<p>BIBLIOTECA CCM-UFPB TUTORIAL SOBRE O ACESSO A BASE DE LIVROS DIGITAIS \u201cMINHA BIBLIOTECA\u201d 1\u00ba Passo: efetuar login no SIGAA (&nbsp;https:\/\/sistemas.ufpb.br\/sigaa&nbsp;) Fig.1 Tela de login SIGAA &nbsp;Fonte: SIGAA UFPB 2\u00ba Passo:&nbsp;Acessar a guia \u201cBiblioteca\u201d e logo ap\u00f3s clicar em \u201cPesquisar Livros Digitais\u201d onde aparecer\u00e1 a op\u00e7\u00e3o \u201cMinha Biblioteca\u201d. Fig.2 Tela da guia Biblioteca Fonte: SIGAA UFPB [&hellip;]<\/p>\n","protected":false},"author":47,"featured_media":0,"parent":0,"menu_order":0,"comment_status":"closed","ping_status":"closed","template":"","meta":{"footnotes":""},"class_list":["post-19","page","type-page","status-publish","hentry"],"_links":{"self":[{"href":"https:\/\/www.ccm.ufpb.br\/bsccm\/wp-json\/wp\/v2\/pages\/19","targetHints":{"allow":["GET"]}}],"collection":[{"href":"https:\/\/www.ccm.ufpb.br\/bsccm\/wp-json\/wp\/v2\/pages"}],"about":[{"href":"https:\/\/www.ccm.ufpb.br\/bsccm\/wp-json\/wp\/v2\/types\/page"}],"author":[{"embeddable":true,"href":"https:\/\/www.ccm.ufpb.br\/bsccm\/wp-json\/wp\/v2\/users\/47"}],"replies":[{"embeddable":true,"href":"https:\/\/www.ccm.ufpb.br\/bsccm\/wp-json\/wp\/v2\/comments?post=19"}],"version-history":[{"count":5,"href":"https:\/\/www.ccm.ufpb.br\/bsccm\/wp-json\/wp\/v2\/pages\/19\/revisions"}],"predecessor-version":[{"id":208,"href":"https:\/\/www.ccm.ufpb.br\/bsccm\/wp-json\/wp\/v2\/pages\/19\/revisions\/208"}],"wp:attachment":[{"href":"https:\/\/www.ccm.ufpb.br\/bsccm\/wp-json\/wp\/v2\/media?parent=19"}],"curies":[{"name":"wp","href":"https:\/\/api.w.org\/{rel}","templated":true}]}}